{"id":17,"date":"2017-09-04T10:50:28","date_gmt":"2017-09-04T08:50:28","guid":{"rendered":"https:\/\/dev.viality.de\/schomberg\/wordpress\/?page_id=17"},"modified":"2024-04-12T10:34:51","modified_gmt":"2024-04-12T08:34:51","slug":"kontakt","status":"publish","type":"page","link":"https:\/\/www.schomberg-sv.de\/index.php\/kontakt\/","title":{"rendered":"Kontakt"},"content":{"rendered":"<div>\n<h3>Kontakt<\/h3>\n<\/div>\n<h3>Adresse<\/h3>\n<div>\n<p>Sachverst\u00e4ndigenb\u00fcro Matthias Schomberg<br \/>\n    Ringofenstra\u00dfe 45 <br \/>\n    44287 Dortmund<\/p>\n<p>Telefon: +49 [0] 231 442 047-0<br \/>\n Fax: +49 [0] 231 442 047-77<\/p>\n<\/div>\n<div>\n<p>51.4964,7.5492<\/p>\n<\/div>\n<h3>Schreiben Sie uns<\/h3>\n<div><script src=\"https:\/\/cdnjs.cloudflare.com\/ajax\/libs\/jquery\/3.3.1\/jquery.min.js\"><\/script><script src=\"\/wp-content\/formular\/form-kontakt.js\"><\/script><\/p>\n<div id=\"checkForm\" class=\"form uk-form-stacked\">\n<div class=\"\">\n<div class=\"error_vorname alert\">Bitte geben Sie einen Vornamen an.<\/div>\n<p>    <input id=\"vorname\" class=\"vorname uk-input\" name=\"vorname\" type=\"text\" placeholder=\"Vorname*\" \/>\n    <\/div>\n<div class=\"uk-margin uk-form-controls\">\n<div class=\"error_nachname alert\">Bitte geben Sie einen Nachnamen an.<\/div>\n<p>    <input id=\"nachname\" class=\"nachname uk-input\" name=\"nachname\" type=\"text\" placeholder=\"Nachname*\" \/>\n    <\/div>\n<div class=\"uk-margin uk-form-controls\">\n<div class=\"error_email alert\">Bitte geben Sie eine E-Mail-Adresse an<\/div>\n<div class=\"error_mail alert\">Bot<\/div>\n<p>    <input id=\"mail\" class=\"mail uk-input\" name=\"mail\" type=\"text\" placeholder=\"E-Mail-Adresse*\" \/> <input id=\"email\" class=\"email uk-input\" name=\"email\" type=\"hidden\" \/><\/div>\n<div class=\"uk-margin uk-form-controls\">\n<div class=\"error_betreff alert\">Bitte geben Sie einen Betreff an<\/div>\n<p>    <input id=\"betreff\" class=\"betreff uk-input\" name=\"betreff\" type=\"text\" placeholder=\"Betreff*\" \/><\/div>\n<div class=\"uk-margin uk-form-controls\">\n<div class=\"error_nachricht alert\">Bitte geben Sie eine Nachricht an<\/div>\n<p>    <textarea id=\"nachricht\" class=\"nachricht uk-textarea\" name=\"nachricht\" rows=\"5\" placeholder=\"Ihre Nachricht*\"><\/textarea><\/div>\n<div>\n<p class=\"uk-text-small\">Mit * gekennzeichnete Felder sind Pflichtfelder.<br \/> Alle Informationen zu unseren <a href=\"\/index.php\/datenschutz\/\">Datenschutzbestimmungen<\/a>.<\/p>\n<\/div>\n<p><button class=\"uk-button uk-button-primary submitButton\">Abschicken<\/button><\/div>\n<div class=\"success\">Vielen Dank f\u00fcr Ihre Nachricht.<\/div>\n<\/div>\n<h2>Haben Sie Fragen?<\/h2>\n<div>Sprechen Sie mich unverbindlich an!<\/div>\n<div>\n<p>        <img decoding=\"async\" src=\"\/wp-content\/uploads\/2024\/04\/Schomberg-03.jpg\" alt=\"\"><\/p>\n<h3>Matthias Schomberg<\/h3>\n<div>\n<p>\nRingofenstra\u00dfe 45 <br \/>\n44287 Dortmund<\/p>\n<\/div>\n<\/div>\n<p><!--more--><br \/>\n<!-- {\"name\":\"\",\"type\":\"layout\",\"children\":[{\"name\":\"Visual Unterseiten\",\"type\":\"section\",\"props\":{\"animation\":\"slide-left-medium\",\"animation_delay\":\"200\",\"image\":\"wp-content\\\/uploads\\\/2018\\\/01\\\/kontakt-6.jpg\",\"image_effect\":\"parallax\",\"image_parallax_bgy\":\"0,110\",\"image_parallax_breakpoint\":\"l\",\"image_parallax_easing\":\"1\",\"image_position\":\"center-center\",\"image_size\":\"cover\",\"padding\":\"large\",\"style\":\"default\",\"title\":\"\",\"title_breakpoint\":\"xl\",\"title_position\":\"top-left\",\"title_rotation\":\"left\",\"vertical_align\":\"middle\",\"width\":\"expand\"},\"children\":[{\"name\":\"\",\"type\":\"row\",\"props\":{\"column_gap\":\"small\",\"margin\":\"large\",\"match\":false,\"row_gap\":\"small\"},\"children\":[{\"name\":\"\",\"type\":\"column\",\"props\":{\"image\":\"\",\"image_position\":\"center-center\",\"media_overlay_gradient\":\"\",\"position_sticky_breakpoint\":\"m\",\"width_medium\":\"1-1\"},\"children\":[{\"name\":\"\",\"type\":\"panel\",\"props\":{\"animation\":\"slide-right\",\"block_align\":\"right\",\"content_column_breakpoint\":\"m\",\"icon_width\":80,\"image_align\":\"top\",\"image_grid_breakpoint\":\"m\",\"image_grid_width\":\"1-2\",\"image_svg_color\":\"emphasis\",\"link_style\":\"default\",\"link_text\":\"Read more\",\"margin\":\"default\",\"maxwidth\":\"large\",\"meta_align\":\"below-title\",\"meta_element\":\"div\",\"meta_style\":\"text-meta\",\"panel_padding\":\"default\",\"panel_style\":\"card-primary\",\"title\":\"Kontakt\",\"title_align\":\"top\",\"title_element\":\"h3\",\"title_grid_breakpoint\":\"m\",\"title_grid_width\":\"1-2\",\"title_hover_style\":\"reset\",\"title_style\":\"h2\"}}]}]}]},{\"name\":\"About us\",\"type\":\"section\",\"props\":{\"animation_delay\":false,\"id\":\"about-us\",\"image_position\":\"center-center\",\"image_size\":\"cover\",\"padding\":\"large\",\"padding_remove_bottom\":false,\"padding_remove_top\":false,\"style\":\"default\",\"title_breakpoint\":\"xl\",\"title_position\":\"top-left\",\"title_rotation\":\"left\",\"vertical_align\":\"middle\",\"width\":\"default\"},\"children\":[{\"name\":\"\",\"type\":\"row\",\"props\":{\"layout\":\"1-3,2-3\",\"margin\":\"xlarge\",\"width\":\"default\"},\"children\":[{\"name\":\"\",\"type\":\"column\",\"props\":{\"image_position\":\"center-center\",\"media_overlay_gradient\":\"\",\"position_sticky_breakpoint\":\"m\",\"width_medium\":\"1-3\"},\"children\":[{\"name\":\"\",\"type\":\"headline\",\"props\":{\"content\":\"Adresse\",\"title_decoration\":\"bullet\",\"title_element\":\"h3\"}}]},{\"name\":\"\",\"type\":\"column\",\"props\":{\"image_position\":\"center-center\",\"media_overlay_gradient\":\"\",\"position_sticky_breakpoint\":\"m\",\"width_medium\":\"2-3\"},\"children\":[{\"name\":\"\",\"type\":\"text\",\"props\":{\"column_breakpoint\":\"m\",\"content\":\"\n\n<p>Sachverst\\u00e4ndigenb\\u00fcro Matthias Schomberg<br \\\/>\\n    Ringofenstra\\u00dfe 45 <br \\\/>\\n    44287 Dortmund<\\\/p>\\n\\n\n\n<p>Telefon: +49 [0] 231 442 047-0<br \\\/>\\n Fax: +49 [0] 231 442 047-77<\\\/p>\",\"margin\":\"default\"}},{\"name\":\"\",\"type\":\"map\",\"props\":{\"controls\":true,\"dragging\":false,\"image_svg_color\":\"emphasis\",\"link_style\":\"default\",\"link_text\":\"Read more\",\"margin\":\"default\",\"max_zoom\":18,\"meta_align\":\"below-title\",\"meta_element\":\"div\",\"meta_style\":\"text-meta\",\"min_zoom\":0,\"poi\":false,\"show_content\":true,\"show_image\":true,\"show_link\":true,\"show_meta\":true,\"show_title\":true,\"title_element\":\"h3\",\"title_hover_style\":\"reset\",\"type\":\"roadmap\",\"zoom\":\"14\",\"zooming\":false},\"children\":[{\"name\":\"\",\"type\":\"map_item\",\"props\":{\"location\":\"51.4964,7.5492\"}}]}]}]},{\"name\":\"\",\"type\":\"row\",\"props\":{\"layout\":\"1-3,2-3\",\"margin\":\"xlarge\",\"width\":\"default\"},\"children\":[{\"name\":\"\",\"type\":\"column\",\"props\":{\"image_position\":\"center-center\",\"media_overlay_gradient\":\"\",\"position_sticky_breakpoint\":\"m\",\"width_medium\":\"1-3\"},\"children\":[{\"name\":\"\",\"type\":\"headline\",\"props\":{\"content\":\"Schreiben Sie uns\",\"title_decoration\":\"bullet\",\"title_element\":\"h3\"}}]},{\"name\":\"\",\"type\":\"column\",\"props\":{\"image_position\":\"center-center\",\"media_overlay_gradient\":\"\",\"position_sticky_breakpoint\":\"m\",\"width_medium\":\"2-3\"},\"children\":[{\"name\":\"\",\"type\":\"text\",\"props\":{\"column_breakpoint\":\"m\",\"content\":\"<script src=\\\"https:\\\/\\\/cdnjs.cloudflare.com\\\/ajax\\\/libs\\\/jquery\\\/3.3.1\\\/jquery.min.js\\\"><\\\/script><script src=\\\"\\\/wp-content\\\/formular\\\/form-kontakt.js\\\"><\\\/script>\\n\n\n<div id=\\\"checkForm\\\" class=\\\"form uk-form-stacked\\\">\\n\n\n<div class=\\\"\\\">\\n    \n\n<div class=\\\"error_vorname alert\\\">Bitte geben Sie einen Vornamen an.<\\\/div>\\n    <input id=\\\"vorname\\\" class=\\\"vorname uk-input\\\" name=\\\"vorname\\\" type=\\\"text\\\" placeholder=\\\"Vorname*\\\" \\\/>\\n    <\\\/div>\\n\n\n<div class=\\\"uk-margin uk-form-controls\\\">\\n    \n\n<div class=\\\"error_nachname alert\\\">Bitte geben Sie einen Nachnamen an.<\\\/div>\\n    <input id=\\\"nachname\\\" class=\\\"nachname uk-input\\\" name=\\\"nachname\\\" type=\\\"text\\\" placeholder=\\\"Nachname*\\\" \\\/>\\n    <\\\/div>\\n\n\n<div class=\\\"uk-margin uk-form-controls\\\">\\n    \n\n<div class=\\\"error_email alert\\\">Bitte geben Sie eine E-Mail-Adresse an<\\\/div>\\n    \n\n<div class=\\\"error_mail alert\\\">Bot<\\\/div>\\n    <input id=\\\"mail\\\" class=\\\"mail uk-input\\\" name=\\\"mail\\\" type=\\\"text\\\" placeholder=\\\"E-Mail-Adresse*\\\" \\\/> <input id=\\\"email\\\" class=\\\"email uk-input\\\" name=\\\"email\\\" type=\\\"hidden\\\" \\\/><\\\/div>\\n\n\n<div class=\\\"uk-margin uk-form-controls\\\">\\n       \n\n<div class=\\\"error_betreff alert\\\">Bitte geben Sie einen Betreff an<\\\/div>\\n    <input id=\\\"betreff\\\" class=\\\"betreff uk-input\\\" name=\\\"betreff\\\" type=\\\"text\\\" placeholder=\\\"Betreff*\\\" \\\/><\\\/div>\\n\n\n<div class=\\\"uk-margin uk-form-controls\\\">\\n       \n\n<div class=\\\"error_nachricht alert\\\">Bitte geben Sie eine Nachricht an<\\\/div>\\n    <textarea id=\\\"nachricht\\\" class=\\\"nachricht uk-textarea\\\" name=\\\"nachricht\\\" rows=\\\"5\\\" placeholder=\\\"Ihre Nachricht*\\\"><\\\/textarea><\\\/div>\\n\n\n<div>\\n\n\n<p class=\\\"uk-text-small\\\">Mit * gekennzeichnete Felder sind Pflichtfelder.<br \\\/> Alle Informationen zu unseren <a href=\\\".\\\/index.php\\\/datenschutz\\\/\\\">Datenschutzbestimmungen<\\\/a>.<\\\/p>\\n<\\\/div>\\n<button class=\\\"uk-button uk-button-primary submitButton\\\">Abschicken<\\\/button><\\\/div>\\n\n\n<div class=\\\"success\\\">Vielen Dank f\\u00fcr Ihre Nachricht.<\\\/div>\",\"margin\":\"default\"}}]}]}]},{\"name\":\"Ansprechpartner\",\"type\":\"section\",\"props\":{\"image_position\":\"center-center\",\"style\":\"muted\",\"title_breakpoint\":\"xl\",\"title_position\":\"top-left\",\"title_rotation\":\"left\",\"vertical_align\":\"middle\",\"width\":\"default\"},\"children\":[{\"name\":\"\",\"type\":\"row\",\"props\":{\"layout\":\"1-2,1-2\",\"vertical_align\":true},\"children\":[{\"name\":\"\",\"type\":\"column\",\"props\":{\"image_position\":\"center-center\",\"media_overlay_gradient\":\"\",\"position_sticky_breakpoint\":\"m\",\"vertical_align\":\"middle\",\"width_medium\":\"1-2\"},\"children\":[{\"name\":\"\",\"type\":\"headline\",\"props\":{\"content\":\"Haben Sie Fragen?\",\"title_element\":\"h2\"}},{\"name\":\"\",\"type\":\"text\",\"props\":{\"column_breakpoint\":\"m\",\"content\":\"Sprechen Sie mich unverbindlich an!\",\"margin\":\"default\"}}]},{\"name\":\"\",\"type\":\"column\",\"props\":{\"image_position\":\"center-center\",\"media_overlay_gradient\":\"\",\"position_sticky_breakpoint\":\"m\",\"vertical_align\":\"middle\",\"width_medium\":\"1-2\"},\"children\":[{\"name\":\"\",\"type\":\"panel\",\"props\":{\"content\":\"\n\n<p>\\nRingofenstra\\u00dfe 45 <br \\\/>\\n44287 Dortmund<\\\/p>\",\"content_column_breakpoint\":\"m\",\"icon_width\":80,\"image\":\"wp-content\\\/uploads\\\/2024\\\/04\\\/Schomberg-03.jpg\",\"image_align\":\"right\",\"image_grid_breakpoint\":\"m\",\"image_grid_width\":\"1-2\",\"image_svg_color\":\"emphasis\",\"image_vertical_align\":true,\"link_style\":\"default\",\"link_text\":\"Read more\",\"margin\":\"default\",\"meta\":\"\",\"meta_align\":\"above-title\",\"meta_element\":\"div\",\"meta_style\":\"text-meta\",\"panel_padding\":\"default\",\"panel_style\":\"card-default\",\"title\":\"Matthias Schomberg\",\"title_align\":\"top\",\"title_element\":\"h3\",\"title_grid_breakpoint\":\"m\",\"title_grid_width\":\"1-2\",\"title_hover_style\":\"reset\",\"title_margin\":\"remove\"}}]}]}]}],\"version\":\"3.0.14\"} --><\/p>\n","protected":false},"excerpt":{"rendered":"<p>Kontakt Adresse Sachverst\u00e4ndigenb\u00fcro Matthias Schomberg Ringofenstra\u00dfe 45 44287 Dortmund Telefon: +49 [0] 231 442 047-0 Fax: +49 [0] 231 442 047-77 51.4964,7.5492 Schreiben Sie uns Bitte geben Sie einen Vornamen an. Bitte geben Sie einen Nachnamen an. Bitte geben Sie eine E-Mail-Adresse an Bot Bitte geben Sie einen Betreff an Bitte geben Sie eine Nachricht [&hellip;]<\/p>\n","protected":false},"author":2,"featured_media":0,"parent":0,"menu_order":0,"comment_status":"closed","ping_status":"closed","template":"","meta":{"footnotes":""},"class_list":["post-17","page","type-page","status-publish","hentry"],"yoast_head":"<!-- This site is optimized with the Yoast SEO plugin v27.4 - https:\/\/yoast.com\/product\/yoast-seo-wordpress\/ -->\n<title>Kontakt - Dachdecker Sachverst\u00e4ndigenb\u00fcro Matthias Schomberg<\/title>\n<meta name=\"description\" content=\"Kontakt zu Matthias Schomberg, \u00d6ffentlich bestellter und vereidigter Sachverst\u00e4ndiger f\u00fcr das Dachdeckerhandwerk Dortmund, Ruhrgebiet, NRW\" \/>\n<meta name=\"robots\" content=\"index, follow, max-snippet:-1, max-image-preview:large, max-video-preview:-1\" \/>\n<link rel=\"canonical\" href=\"https:\/\/www.schomberg-sv.de\/index.php\/kontakt\/\" \/>\n<meta property=\"og:locale\" content=\"de_DE\" \/>\n<meta property=\"og:type\" content=\"article\" \/>\n<meta property=\"og:title\" content=\"Kontakt - Dachdecker Sachverst\u00e4ndigenb\u00fcro Matthias Schomberg\" \/>\n<meta property=\"og:description\" content=\"Kontakt zu Matthias Schomberg, \u00d6ffentlich bestellter und vereidigter Sachverst\u00e4ndiger f\u00fcr das Dachdeckerhandwerk Dortmund, Ruhrgebiet, NRW\" \/>\n<meta property=\"og:url\" content=\"https:\/\/www.schomberg-sv.de\/index.php\/kontakt\/\" \/>\n<meta property=\"og:site_name\" content=\"Dachdecker Sachverst\u00e4ndigenb\u00fcro Matthias Schomberg\" \/>\n<meta property=\"article:modified_time\" content=\"2024-04-12T08:34:51+00:00\" \/>\n<meta name=\"twitter:card\" content=\"summary_large_image\" \/>\n<script type=\"application\/ld+json\" class=\"yoast-schema-graph\">{\"@context\":\"https:\\\/\\\/schema.org\",\"@graph\":[{\"@type\":\"WebPage\",\"@id\":\"https:\\\/\\\/www.schomberg-sv.de\\\/index.php\\\/kontakt\\\/\",\"url\":\"https:\\\/\\\/www.schomberg-sv.de\\\/index.php\\\/kontakt\\\/\",\"name\":\"Kontakt - Dachdecker Sachverst\u00e4ndigenb\u00fcro Matthias Schomberg\",\"isPartOf\":{\"@id\":\"https:\\\/\\\/www.schomberg-sv.de\\\/#website\"},\"datePublished\":\"2017-09-04T08:50:28+00:00\",\"dateModified\":\"2024-04-12T08:34:51+00:00\",\"description\":\"Kontakt zu Matthias Schomberg, \u00d6ffentlich bestellter und vereidigter Sachverst\u00e4ndiger f\u00fcr das Dachdeckerhandwerk Dortmund, Ruhrgebiet, NRW\",\"breadcrumb\":{\"@id\":\"https:\\\/\\\/www.schomberg-sv.de\\\/index.php\\\/kontakt\\\/#breadcrumb\"},\"inLanguage\":\"de\",\"potentialAction\":[{\"@type\":\"ReadAction\",\"target\":[\"https:\\\/\\\/www.schomberg-sv.de\\\/index.php\\\/kontakt\\\/\"]}]},{\"@type\":\"BreadcrumbList\",\"@id\":\"https:\\\/\\\/www.schomberg-sv.de\\\/index.php\\\/kontakt\\\/#breadcrumb\",\"itemListElement\":[{\"@type\":\"ListItem\",\"position\":1,\"name\":\"Startseite\",\"item\":\"https:\\\/\\\/www.schomberg-sv.de\\\/\"},{\"@type\":\"ListItem\",\"position\":2,\"name\":\"Kontakt\"}]},{\"@type\":\"WebSite\",\"@id\":\"https:\\\/\\\/www.schomberg-sv.de\\\/#website\",\"url\":\"https:\\\/\\\/www.schomberg-sv.de\\\/\",\"name\":\"Dachdecker Sachverst\u00e4ndigenb\u00fcro Matthias Schomberg\",\"description\":\"\u00d6ffentlich bestellter und vereidigter Sachverst\u00e4ndiger f\u00fcr das Dachdeckerhandwerk Dortmund Ruhrgebiet\",\"potentialAction\":[{\"@type\":\"SearchAction\",\"target\":{\"@type\":\"EntryPoint\",\"urlTemplate\":\"https:\\\/\\\/www.schomberg-sv.de\\\/?s={search_term_string}\"},\"query-input\":{\"@type\":\"PropertyValueSpecification\",\"valueRequired\":true,\"valueName\":\"search_term_string\"}}],\"inLanguage\":\"de\"}]}<\/script>\n<!-- \/ Yoast SEO plugin. -->","yoast_head_json":{"title":"Kontakt - Dachdecker Sachverst\u00e4ndigenb\u00fcro Matthias Schomberg","description":"Kontakt zu Matthias Schomberg, \u00d6ffentlich bestellter und vereidigter Sachverst\u00e4ndiger f\u00fcr das Dachdeckerhandwerk Dortmund, Ruhrgebiet, NRW","robots":{"index":"index","follow":"follow","max-snippet":"max-snippet:-1","max-image-preview":"max-image-preview:large","max-video-preview":"max-video-preview:-1"},"canonical":"https:\/\/www.schomberg-sv.de\/index.php\/kontakt\/","og_locale":"de_DE","og_type":"article","og_title":"Kontakt - Dachdecker Sachverst\u00e4ndigenb\u00fcro Matthias Schomberg","og_description":"Kontakt zu Matthias Schomberg, \u00d6ffentlich bestellter und vereidigter Sachverst\u00e4ndiger f\u00fcr das Dachdeckerhandwerk Dortmund, Ruhrgebiet, NRW","og_url":"https:\/\/www.schomberg-sv.de\/index.php\/kontakt\/","og_site_name":"Dachdecker Sachverst\u00e4ndigenb\u00fcro Matthias Schomberg","article_modified_time":"2024-04-12T08:34:51+00:00","twitter_card":"summary_large_image","schema":{"@context":"https:\/\/schema.org","@graph":[{"@type":"WebPage","@id":"https:\/\/www.schomberg-sv.de\/index.php\/kontakt\/","url":"https:\/\/www.schomberg-sv.de\/index.php\/kontakt\/","name":"Kontakt - Dachdecker Sachverst\u00e4ndigenb\u00fcro Matthias Schomberg","isPartOf":{"@id":"https:\/\/www.schomberg-sv.de\/#website"},"datePublished":"2017-09-04T08:50:28+00:00","dateModified":"2024-04-12T08:34:51+00:00","description":"Kontakt zu Matthias Schomberg, \u00d6ffentlich bestellter und vereidigter Sachverst\u00e4ndiger f\u00fcr das Dachdeckerhandwerk Dortmund, Ruhrgebiet, NRW","breadcrumb":{"@id":"https:\/\/www.schomberg-sv.de\/index.php\/kontakt\/#breadcrumb"},"inLanguage":"de","potentialAction":[{"@type":"ReadAction","target":["https:\/\/www.schomberg-sv.de\/index.php\/kontakt\/"]}]},{"@type":"BreadcrumbList","@id":"https:\/\/www.schomberg-sv.de\/index.php\/kontakt\/#breadcrumb","itemListElement":[{"@type":"ListItem","position":1,"name":"Startseite","item":"https:\/\/www.schomberg-sv.de\/"},{"@type":"ListItem","position":2,"name":"Kontakt"}]},{"@type":"WebSite","@id":"https:\/\/www.schomberg-sv.de\/#website","url":"https:\/\/www.schomberg-sv.de\/","name":"Dachdecker Sachverst\u00e4ndigenb\u00fcro Matthias Schomberg","description":"\u00d6ffentlich bestellter und vereidigter Sachverst\u00e4ndiger f\u00fcr das Dachdeckerhandwerk Dortmund Ruhrgebiet","potentialAction":[{"@type":"SearchAction","target":{"@type":"EntryPoint","urlTemplate":"https:\/\/www.schomberg-sv.de\/?s={search_term_string}"},"query-input":{"@type":"PropertyValueSpecification","valueRequired":true,"valueName":"search_term_string"}}],"inLanguage":"de"}]}},"_links":{"self":[{"href":"https:\/\/www.schomberg-sv.de\/index.php\/wp-json\/wp\/v2\/pages\/17","targetHints":{"allow":["GET"]}}],"collection":[{"href":"https:\/\/www.schomberg-sv.de\/index.php\/wp-json\/wp\/v2\/pages"}],"about":[{"href":"https:\/\/www.schomberg-sv.de\/index.php\/wp-json\/wp\/v2\/types\/page"}],"author":[{"embeddable":true,"href":"https:\/\/www.schomberg-sv.de\/index.php\/wp-json\/wp\/v2\/users\/2"}],"replies":[{"embeddable":true,"href":"https:\/\/www.schomberg-sv.de\/index.php\/wp-json\/wp\/v2\/comments?post=17"}],"version-history":[{"count":44,"href":"https:\/\/www.schomberg-sv.de\/index.php\/wp-json\/wp\/v2\/pages\/17\/revisions"}],"predecessor-version":[{"id":385,"href":"https:\/\/www.schomberg-sv.de\/index.php\/wp-json\/wp\/v2\/pages\/17\/revisions\/385"}],"wp:attachment":[{"href":"https:\/\/www.schomberg-sv.de\/index.php\/wp-json\/wp\/v2\/media?parent=17"}],"curies":[{"name":"wp","href":"https:\/\/api.w.org\/{rel}","templated":true}]}}